t i(p) = 5*p**2 - 5*p + 4. Let g be i(-3). Suppose 13*v + 15 = 18*v. Let k be -1 + (v - 5) + 19. Calculate the highest common divisor of g and k.
16
Let w be ((-11)/55)/((-2)/40). What is the greatest common factor of 596 and w?
4
Let f(x) = 2446*x + 1196. Let q be f(6). Calculate the highest common divisor of 31 and q.
31
Let o = -94 - -88. Let h = o - -23. Suppose 805 = h*t - 10*t. What is the highest common divisor of 46 and t?
23
Suppose 4*w = 5*w - 27. Let t = 99 - w. Let l = 2 - -7. Calculate the greatest common divisor of t and l.
9
Let d be 168 - (319/44 + (-4 + 2)/8). Let u = 102 + -56. What is the greatest common divisor of u and d?
23
Suppose 0 = -4*x + 127 - 23. Suppose 9 + x = 7*p. Suppose 0 = p*r + 3*k - 38, -3*k + 13 - 65 = -4*r. What is the greatest common divisor of 50 and r?
10
Suppose 0 = 4*a - 2*d - 242, 130 = -a + 3*a - 4*d. Suppose -5*j + 86 = -a. Let o = -286 + 605. Calculate the greatest common divisor of o and j.
29
Let v be ((-564)/234*-13)/(-2*(-1)/291). What is the highest common factor of v and 97?
97
Let c be 1/((64/(-296))/(-8)). Suppose 5*r + x - 40 = 0, 4*r - x - 13 = 2*x. Let j = 44 - r. What is the highest common divisor of j and c?
37
Suppose 155*t - 46715 = 68140. What is the greatest common divisor of 57 and t?
57
Suppose 2*j - h = -33 + 111, 0 = -2*h - 4. Suppose -2*g = -5*v + 190, 9*v = 6*v + 5*g + 95. Let r = v + 17. Calculate the highest common divisor of r and j.
19
Let o = -137 + 63. Let y be (o/(-2))/(-1)*(-65)/65. What is the highest common divisor of y and 185?
37
Suppose -3*k - 2*d + 247 = -0*d, 5*k + 5*d - 415 = 0. Suppose 4*n = -5*q + k, -2*n - 3*q - 2*q + 53 = 0. What is the greatest common divisor of n and 182?
14
Let m(u) = 9*u**2 + 79*u - 17. Let p be m(-9). Suppose 88 = c - 5*n, 0 = -c + 2*c - 4*n - 91. What is the highest common divisor of p and c?
1
Suppose z - 3*i - 28 = 12, -3*i = z - 22. Suppose -2*w = l - 23, 38*w = 41*w + 5*l - z. What is the highest common factor of w and 288?
12
Suppose -2*d + 124 - 124 = 0, 3*l - 2*d = 162. Calculate the highest common divisor of 384 and l.
6
Suppose 5*d + 921 = 7*l - 3*l, 4*l + 2*d - 942 = 0. Let p = l + -106. Calculate the greatest common factor of 16 and p.
16
Let l = 1634 - 1538. Calculate the highest common divisor of 21 and l.
3
Let w be (-498 - -455)*(3 + -1 + 1). Suppose 0 = c + c - 270. Let f = w + c. What is the greatest common divisor of 138 and f?
6
Suppose -303*p - 1110 = -340*p. Let z(l) = l + 8. Let m be z(-7). Let y be (-99)/(-2) + m/2. Calculate the greatest common factor of y and p.
10
Let q(g) = 28*g + 38. Let c be q(-2). Let z = 32 + c. What is the greatest common divisor of 602 and z?
14
Suppose 10*h - 263 = -3. Let t(w) = -18*w - 98*w**3 + h*w**2 - 11*w + 42 + 97*w**3 + 4*w**2. Let x be t(29). Calculate the highest common divisor of 210 and x.
42
Let y = 23698 + -23689. What is the highest common divisor of y and 12249?
9
Let f(q) = -316*q - 2527. Let t be f(-18). Calculate the highest common factor of t and 551.
29
Let h(w) = -34*w + 969. Let v be h(24). What is the highest common divisor of v and 510?
51
Let g be 332/6 + (-2)/(-3). Suppose -5*y - 6*a = -3*y - 220, 5*y = -3*a + 502. Calculate the highest common divisor of g and y.
14
Suppose d = -3*p + 174, 5*d + 37 = 5*p - 233. Calculate the highest common divisor of 14592 and p.
57
Let d = -1388 - -1900. What is the highest common divisor of 4 and d?
4
Let w(p) = 3*p**2 + 22*p + 55. Let g be w(-7). Suppose 2*s - 76 = y - 6*y, 2*y = 2*s - g. What is the greatest common factor of s and 42?
14
Suppose 3*m - 2*c = 639, 802*c - 805*c - 1065 = -5*m. Calculate the highest common divisor of 2201 and m.
71
Let f = 0 + 1. Suppose 3*z + 160 = 187. Suppose z*t + 572 = 53*t. What is the greatest common divisor of f and t?
1
Let i be (3 - (-68)/(-16)) + (-61160)/(-32). Let t be (-9 - i/(-210)) + (-1720)/(-21). What is the highest common divisor of 1394 and t?
82
Let v(u) = -4*u**2 - 47*u + 98. Let z be v(12). Let w = 1060 + z. Let m be 307 - ((1 - 0) + 0). What is the greatest common divisor of m and w?
18
Let u = -12602 - -12896. What is the highest common divisor of 114 and u?
6
Suppose 0 = 4407*b - 4396*b - 2409. Calculate the greatest common factor of 2993 and b.
73
Suppose 29 = -z + 82. Let a = -51 + z. Suppose 12 = 4*x + 3*v - 539, -5*v = a*x - 265. What is the greatest common factor of x and 56?
28
Let m be ((-494)/(-65) + 2/5)*(158 - -23). Calculate the highest common factor of m and 40.
8
Suppose 48 - 8 = 20*l. Suppose -l*t - 190 = -5*q, -2*q - 185 = -7*q + t. Calculate the highest common factor of 324 and q.
36
Let o = 28577 - 21443. What is the greatest common divisor of 522 and o?
174
Let c(s) = 145*s - 398. Let u be c(5). What is the highest common divisor of 545 and u?
109
Suppose 0 = 2*q + v - 16, -108*q + v + 12 = -103*q. What is the highest common divisor of q and 2264?
4
Let h be (-43838)/(-92) + 39 + 3/2. Calculate the greatest common divisor of 242 and h.
11
Let l(q) = -4*q - 1. Let c be l(-2). Suppose 247 = 2*h + 3*w, 72 = -5*h + 2*w + 661. Calculate the greatest common factor of c and h.
7
Let u(b) = 28*b**2 + 60*b + 2. Let t be u(-2). Suppose 0 = -3*z - 0*z - 27. Let g be t/z - 128/(-24). What is the greatest common factor of 18 and g?
6
Suppose 0 = 4*g - 4*d + 2*d - 2352, 2*g - 1188 = -5*d. Suppose -133 - 130 - 345 = -32*t. Calculate the greatest common factor of t and g.
19
Let c be (-70)/(-10) - 4/2. Suppose -c = -7*f + 9. Let u be (-5 - f)*(3 + (3 - 26)). Calculate the greatest common factor of u and 20.
20
Let y be (4015/(-22))/((-50)/60). Calculate the highest common factor of 4307 and y.
73
Suppose 26*b - 3*d = 21*b + 29088, 3*b + 4*d = 17418. What is the highest common divisor of 1710 and b?
342
Let o = -32793 + 36316. Calculate the highest common factor of o and 104.
13
Suppose 2 = -2*c - 4. Let v(b) = 33 + 32 + 24 + 6*b**2 + 3*b**2 + 2*b - 86. Let w be v(c). What is the greatest common divisor of 26 and w?
26
Let g be (-820)/(-45) - 2/9. Let p(l) = -l**2 - 101*l + 4742. Let u be p(32). Calculate the greatest common factor of g and u.
18
Let f(j) = j**3 - 36*j**2 + 37*j + 800. Let p be f(43). Calculate the highest common divisor of p and 41.
41
Let y be ((-35)/14 - -2)/(11/(-352)). Calculate the highest common factor of 264 and y.
8
Suppose -2*f + 5*o + 1057 = 0, 2110 - 475 = 3*f + 9*o. Calculate the highest common factor of 352 and f.
8
Let s = 245 - 178. Suppose -4*h + s - 31 = 0. Calculate the greatest common divisor of h and 3.
3
Let g = 5 + 0. Let y = g - 4. Let t(i) = i**3 + 29*i**2 + 28*i + 5. Let f be t(-28). Calculate the greatest common divisor of y and f.
1
Suppose 9*l - 451 + 46 = 0. Let s be l*((-8)/3 - -4). Calculate the highest common factor of 300 and s.
60
Let j be (-28)/12 + 15/(-9) - -13. What is the greatest common divisor of j and 113?
1
Let l = -1367 - -3580. Let n = l + -1510. What is the highest common factor of 19 and n?
19
Let w be (-213)/3*(12/2 - 1914/66). What is the highest common divisor of 184 and w?
23
Suppose 1515 = -26*n + 1931. Calculate the highest common divisor of 2194 and n.
2
Let v(y) be the third derivative of -421*y**4/24 - 7*y**3 - 2*y**2 - 31*y. Let p be v(-2). What is the greatest common factor of 32 and p?
32
Let j = -172 - -160. Let o be 3516/28 + j/(-28). What is the highest common factor of 42 and o?
42
Let r = 6 - 8. Let l be 0 + (35 - (1 + r)). Suppose 0 = -30*t + 26*t + 72. Calculate the highest common divisor of l and t.
18
Suppose 91*h - 24*h - 21574 = 0. What is the highest common factor of 1472 and h?
46
Suppose n + 2*t = 33 - 13, -40 = -5*n + 2*t. Suppose 2*c - 30858*j + 4 = -30856*j, 5*j - 24 = -2*c. Calculate the greatest common divisor of c and n.
2
Suppose -17*h + 42 = -60. Suppose 0 = z - 3*y - 31, 4*z + 4*y - 104 = h*y. What is the greatest common factor of 400 and z?
25
Let h be (-450)/75 + (-5)/(10/(-41968)). What is the highest common factor of 136 and h?
34
Let n(a) = a**3 - 7*a**2 - a + 17. Let k be n(7). Let g be 6/4*k/3. Suppose -13*u + 88 = -g*u. What is the greatest common factor of 44 and u?
11
Let c be 5 - (-3 - 24) - 1. Let t = 193 - c. Calculate the greatest common factor of t and 6.
6
Suppose -103*w = 103*w - 215*w + 7290. What is the greatest common divisor of 132 and w?
